331697 a prime number?
True
Is 29941 a prime number?
False
Is 11629 a prime number?
False
Is 22739 a composite number?
False
Is 11917 a prime number?
False
Is 59197 a prime number?
True
Is 13121 prime?
True
Is 1217341 composite?
True
Is 33141 a composite number?
True
Is 2165 composite?
True
Is 33743 composite?
True
Is 121438 a composite number?
True
Is 12557 a prime number?
False
Is 12611 a composite number?
False
Is 244781 prime?
True
Is 21647 composite?
False
Is 11771 a composite number?
True
Is 98191 composite?
True
Is 63901 prime?
True
Is 16537 prime?
False
Is 117901 a prime number?
False
Is 9327 prime?
False
Is 97751 a prime number?
False
Is 311267 a composite number?
True
Is 83891 prime?
True
Is 7022 a composite number?
True
Is 3983 prime?
False
Is 181361 a composite number?
False
Is 75521 a prime number?
True
Is 17231 a composite number?
False
Is 162979 a prime number?
False
Is 314077 a prime number?
True
Is 164771 a prime number?
True
Is 14971 composite?
True
Is 20959 a composite number?
False
Is 11389 prime?
False
Is 18827 composite?
True
Is 657977 prime?
False
Is 134517 a prime number?
False
Is 1517 a composite number?
True
Is 94993 prime?
True
Is 439743 prime?
False
Is 47903 composite?
False
Is 685903 composite?
True
Is 611981 prime?
False
Is 1054301 composite?
False
Is 3327011 prime?
True
Is 58483 a composite number?
True
Is 1151 a prime number?
True
Is 107281 a prime number?
False
Is 22205 a prime number?
False
Is 1440689 a composite number?
False
Is 150441 a composite number?
True
Is 89627 composite?
False
Is 118061 a prime number?
True
Is 179623 prime?
True
Is 39469 composite?
True
Is 63839 a prime number?
True
Is 12359 a prime number?
False
Is 11197 a prime number?
True
Is 317887 composite?
False
Is 57593 composite?
False
Is 508107 prime?
False
Is 820433 composite?
True
Is 575213 a prime number?
True
Is 3223 a prime number?
False
Is 291233 a prime number?
False
Is 183895 composite?
True
Is 446143 a composite number?
True
Is 14695 composite?
True
Is 116807 a composite number?
True
Is 3419 a prime number?
False
Is 71926 a composite number?
True
Is 24133 a prime number?
True
Is 112831 composite?
False
Is 184901 prime?
True
Is 2365457 prime?
True
Is 18101 prime?
False
Is 5167 prime?
True
Is 2414699 composite?
True
Is 701683 composite?
True
Is 3265 composite?
True
Is 102587 a prime number?
True
Is 106427 a composite number?
False
Is 1199969 composite?
False
Is 3862 a composite number?
True
Is 1431569 a prime number?
True
Is 67291 a composite number?
True
Is 316801 composite?
False
Is 1363 prime?
False
Is 1907959 a composite number?
True
Is 7051627 a composite number?
True
Is 103289 a composite number?
False
Is 567631 a composite number?
False
Is 136853 a prime number?
False
Is 19807 prime?
False
Is 37427 prime?
False
Is 11113 composite?
False
Is 3117 composite?
True
Is 96623 a composite number?
True
Is 5266 a composite number?
True
Is 6997 composite?
False
Is 32869 composite?
False
Is 74257 a prime number?
True
Is 264253 prime?
False
Is 4637 prime?
True
Is 19921 a prime number?
False
Is 495727 a prime number?
False
Is 436459 prime?
True
Is 735799 composite?
True
Is 33287 prime?
True
Is 9617 composite?
True
Is 406291 composite?
True
Is 6449 prime?
True
Is 13127 a prime number?
True
Is 1526695 a composite number?
True
Is 497879 a composite number?
True
Is 408953 a prime number?
True
Is 500023 a composite number?
True
Is 430259 a composite number?
False
Is 17354 a prime number?
False
Is 45829 a prime number?
False
Is 977 a prime number?
True
Is 1518677 a composite number?
False
Is 1087 a prime number?
True
Is 1923 a prime number?
False
Is 30106 composite?
True
Is 56081 a composite number?
False
Is 231643 a prime number?
True
Is 258521 prime?
True
Is 18301 a composite number?
False
Is 161877 composite?
True
Is 79133 a prime number?
True
Is 12611 prime?
True
Is 765971 a composite number?
False
Is 257981 composite?
False
Is 10397 a composite number?
True
Is 6731 composite?
True
Is 752079 a prime number?
False
Is 16349 composite?
False
Is 1563 prime?
False
Is 415381 a composite number?
False
Is 685 a composite number?
True
Is 1132855 a composite number?
True
Is 15809 prime?
True
Is 24785 composite?
True
Is 350963 a composite number?
False
Is 17651 a prime number?
False
Is 386513 a composite number?
True
Is 91939 a composite number?
False
Is 219673 a composite number?
True
Is 20567 prime?
False
Is 3683 a prime number?
False
Is 20851 prime?
False
Is 23417 a prime number?
True
Is 657959 a composite number?
False
Is 47501 a composite number?
False
Is 7453 prime?
False
Is 936365 composite?
True
Is 2333 composite?
False
Is 2903 a prime number?
True
Is 296026 prime?
False
Is 96623 a composite number?
True
Is 212783 composite?
True
Is 102793 prime?
True
Is 60427 prime?
True
Is 5981 prime?
True
Is 201385 prime?
False
Is 221047 prime?
True
Is 1752159 a prime number?
False
Is 21703 a prime number?
False
Is 5479 a composite number?
False
Is 11683 a composite number?
True
Is 24119 a composite number?
True
Is 39943 prime?
False
Is 570389 prime?
True
Is 8325833 composite?
False
Is 95871 a composite number?
True
Is 45545 a composite number?
True
Is 3250627 a prime number?
True
Is 22283 composite?
False
Is 124711 a prime number?
False
Is 816077 a prime number?
True
Is 52023 prime?
False
Is 12637 composite?
False
Is 69371 a composite number?
False
Is 33094 a prime number?
False
Is 28091 a composite number?
True
Is 1370681 a composite number?
True
Is 789937 composite?
True
Is 5453597 composite?
True
Is 1793 a composite number?
True
Is 10357 composite?
False
Is 3163 a composite number?
False
Is 73817 composite?
True
Is 4111 a prime number?
True
Is 79687 a prime number?
True
Is 66763 a composite number?
False
Is 419 a composite number?
False
Is 1402777 composite?
True
Is 10261 a composite number?
True
Is 93655 a prime number?
False
Is 2333 a composite number?
False
Is 76357 prime?
False
Is 929851 a composite number?
True
Is 32411 prime?
True
Is 250997 a composite number?
True
Is 401818 composite?
True
Is 278539 composite?
True
Is 9466 a composite number?
True
Is 23813 composite?
False
Is 1847969 composite?
False
Is 244263 a prime number?
False
Is 14693 a prime number?
False
Is 28267 a prime number?
False
Is 50581 composite?
False
Is 119489 prime?
True
Is 25439 a prime number?
True
Is 130757 composite?
True
Is 89751 a prime number?
False
Is 1639 prime?
False
Is 323891 composite?
True
Is 13591 a composite number?
False
Is 1611787 composite?
True
Is 65479 composite?
False
Is 12661 prime?
False
Is 20957 prime?
False
Is 143941 a prime number?
False
Is 673579 prime?
True
Is 3709 a prime number?
True
Is 59509 a composite number?
False
Is 380041 prime?
True
Is 17543 a composite number?
True
Is 14206 prime?
False
Is 1459 composite?
False
Is 17117 composite?
False
Is 315501 prime?
False
Is 12359 composite?
True
Is 335429 prime?
True
Is 54737 prime?
False
Is 5749 prime?
True
Is 19949 a prime number?
True
Is 32449 prime?
False
Is 10883 a prime number?
True
Is 119213 prime?
False
Is 56629 composite?
False
Is 14281 prime?
True
Is 28559 composite?
False
Is 1679749 a prime number?
False
Is 553433 a prime number?
True
Is 1753 a composite number?
False
Is 48073 composite?
False
Is 27361 prime?
True
Is 4685 a composite number?
True
Is 331 prime?
True
Is 158863 prime?
True
Is 1472743 prime?
True
Is 20431 composite?
False
Is 677 composite?
False
Is 1174013 composite?
True
Is 309197 a composite number?
True
Is 1115783 a prime number?
False
Is 316879 a prime number?
True
Is 131343 a prime number?
False
Is 313301 a composite number?
False
Is 524497 a composite number?
False
Is 89333 composite?
True
Is 2201 a prime number?
False
Is 408379 prime?
True
Is 429487 a prime number?
True
Is 415013 composite?
False
Is 690683 a prime number?
False
Is 14107 a composite number?
False
Is 20849 a prime number?
True
Is 17279 a composite number?
True
Is 191899 a composite number?
False
Is 4699 composite?
True
Is 510661 a composite number?
True
Is 641 a composite number?
False
Is 1468201 a prime number?
False
Is 13259 a prime number?
True
Is 110419 a prime number?
True
Is 121843 a composite number?
False
Is 847501 prime?
False
Is 126095 a prime number?
False
Is 118 a composite number?
True
Is 89